be the first derivative of 1798*a**2 + 110*a + 151. Is u(4) a prime number?
False
Let r be -158 + -115 - (-2 + 2*3). Let n = r + 5834. Is n prime?
True
Let c(u) = 13666*u - 249. Is c(10) a composite number?
True
Let y = 116004 + -58637. Is y a composite number?
False
Let g(x) = x**2 - 19*x + 80. Let b be g(13). Suppose 0 = b*t + 3*l - 3007, 2*t = 2*l + 3201 - 169. Is t a prime number?
True
Suppose 451*u - 138716 = 447*u. Is u a composite number?
False
Let x(q) = 143*q**2 + 43*q - 85. Is x(11) a composite number?
True
Let v = 18 - 13. Suppose 0 = -v*o + 50 - 0. Suppose 0 = o*b - b - 8091. Is b prime?
False
Suppose -20*i + 1165521 = -425499. Suppose 5*f - 68305 = -5*r + 31115, -4*r - f = -i. Is r composite?
False
Suppose -3*r + 2*m = -28, r = -4*r - 2*m + 52. Suppose -2*h + r = 0, -4*c - 14*h = -10*h - 6832. Is c a prime number?
False
Suppose 14 = 14*p, 4*c - 22*p - 4316541 = -23*p. Is c a composite number?
True
Suppose 3*r + 49215 = 8*r. Suppose -4*x - x = -g - r, 7874 = 4*x - g. Is x composite?
True
Let b(y) = -94744*y - 177. Is b(-4) a prime number?
False
Let q(x) = -2*x**2 - 23. Let c(p) = p**2 - p + 24. Let m(r) = 3*c(r) + 2*q(r). Let d be m(17). Let w = 757 + d. Is w prime?
True
Let b be 177/1 + -2*(-10)/(-4). Suppose 6*n - 50 = b. Is n prime?
True
Suppose 7*b + 0*b + 9695 = 0. Let l = b + 2253. Suppose x + 5*m - 234 = 0, -l = -4*x + 2*m - 5*m. Is x a prime number?
False
Suppose 3*k + 4*x = 1, 2*k - 6*x + 6 = -2*x. Let q(d) = 3308*d**2 - d. Let l be q(k). Suppose -2*n = -5*n + l. Is n composite?
False
Let d(z) = -z**3 - 67*z**2 - 74*z + 923. Is d(-72) composite?
True
Suppose 187683 = 3*k - 3*i, -5*k + 257230 = 5*i - 55595. Is k prime?
True
Let h = -664157 + 945666. Is h a prime number?
True
Suppose -28*j = -27*j + 5*r - 552060, 0 = 4*j + 3*r - 2208359. Is j a prime number?
False
Suppose -7*c + 280 = -126. Suppose -4*r - c = o + 9, -3*r - 114 = 2*o. Let n = 46 - o. Is n prime?
True
Suppose 131*p - 720771 = 128*p - 5*w, 0 = -3*p + 3*w + 720771. Is p composite?
False
Let a = -95359 + 648396. Is a a composite number?
False
Is (-6 + 8)/(8/315412) a composite number?
False
Let d(i) = 13 + 11*i**2 + 8*i**2 - 11*i**2 + 6*i. Let k = 109 - 115. Is d(k) a prime number?
False
Let q = -182 - -187. Suppose 2*b = -2*t + 10899 - 2327, 4*t - 17171 = q*b. Is t a prime number?
True
Let y(g) = g**3 + 14*g**2 + 14*g + 29. Let z be y(-13). Suppose -z*v + 285700 = 43604. Is v prime?
True
Let i be (-3)/6*-51*(-26)/(-3). Let s = i + 110. Is s a composite number?
False
Let x(m) = m**3 - 11*m**2 - 11*m - 9. Let q be x(12). Suppose i - 435 = h, q*h + 7 - 450 = -i. Suppose 354 = 7*f - i. Is f composite?
False
Let t = -5151 + 9453. Suppose 14*r = 3*m + 11*r - 6462, -2*m + t = 4*r. Is m a composite number?
False
Suppose -23*x + 963495 = 84068 - 986356. Is x a composite number?
True
Suppose 0 = 48*n - 634897 - 1485695. Is n composite?
False
Is ((-152973823)/979)/((-3)/33) a composite number?
False
Suppose -9*l = -41*l + 1696. Is l a prime number?
True
Suppose 5*w - 843149 = 93*z - 95*z, 3*w - 843143 = -2*z. Is z composite?
True
Is (17127/66)/(338/332 - 1) a prime number?
False
Is (-525)/(-250)*5/6 - (-1784522)/8 a prime number?
False
Let s = 196948 - 49265. Is s composite?
True
Let o(m) = 421*m**2 + 6*m - 26. Let a(w) = -w**3 + 7*w**2 + 4*w - 23. Let l be a(7). Is o(l) a prime number?
True
Let r be 4 - (-8)/(-4) - -11183. Suppose -57*p + 52*p + r = 0. Is p prime?
True
Suppose 11*k = 12*k - 2. Let m(u) = -4*u**2 - 2*u - 12. Let n(d) = 3*d**2 + 3*d + 11. Let r(t) = k*m(t) + 3*n(t). Is r(7) composite?
True
Let q(j) = -50*j + 301. Let g be q(-19). Let t be (-3)/(-4)*8/2. Suppose s - 3170 = -5*k, 3*k - g = k + t*s. Is k composite?
True
Let j(n) be the third derivative of 71*n**5/24 + 3*n**4/2 - 7*n**3/6 + 4*n**2. Let h(g) be the first derivative of j(g). Is h(7) a composite number?
False
Let n(m) be the third derivative of m**6/120 - 7*m**5/30 - 3*m**4/8 + 11*m**3/2 - m**2 + 59*m. Is n(22) a composite number?
True
Suppose -7*v + 14*v - 14 = 0. Suppose 0 = -0*r - v*r - 4, 3*r + 5 = q. Is (-7 - 22/(-3))/(q/(-549)) composite?
True
Suppose -11*r + 20*r + 27 = 0. Let g be 7/(-2) - 1/2 - r. Is g - -1 - -3 - (-39008)/46 a prime number?
False
Let m = -252 - -354. Let x be m/(-8) - (-6)/8. Is ((-4)/x + 13/6)*38 a composite number?
True
Suppose -2*x + 44*x = 6*x + 102852. Is x composite?
False
Let g be 11*1 - (-6 - -10). Is (0 - -1)/((-4 - g)/(-60929)) a prime number?
False
Suppose -105*j = 3*p - 109*j - 204917, -4 = -j. Is p prime?
True
Let w = -113679 + 177026. Is w a composite number?
False
Suppose -32*g + 7*g - 750 = 0. Is (-3)/5 - 10968/g a composite number?
True
Let a(b) = 3772*b + 1055. Is a(84) a composite number?
False
Suppose 431*o - 298*o - 7878521 = 0. Is o a composite number?
True
Let q be ((-6)/4)/(63/(-469434)). Let k = -3414 + q. Is k a composite number?
True
Suppose -889053 = -355*a + 16040140 + 1952902. Is a prime?
True
Suppose -710*u + 1706661 = -688*u - 1627417. Is u a prime number?
True
Let o = 487 + -1138. Let x = 398 + o. Let z = x + 696. Is z prime?
True
Let o = -43551 - -74630. Is o prime?
True
Let f = -70139 + 392592. Is f prime?
False
Let v(j) = 236*j**2 + 11*j. Let n be v(3). Suppose -2608 - n = -5*o. Is o a prime number?
True
Let x = -55 - -58. Let r(j) = -j**2 + 3*j + 4. Let q be r(x). Suppose q*p - 298 = 810. Is p prime?
True
Let k(s) = 11*s - 5. Let p(l) = -l**3 - 11*l**2 + l + 3. Let j be p(-11). Let b(a) = 34*a - 15. Let d(g) = j*k(g) + 3*b(g). Is d(3) prime?
True
Suppose 3*s = 4*z + 5*s + 2, 2*s = 2*z - 8. Is (z + -107)*(-592)/32 composite?
True
Let z = 66121 - 36284. Is z prime?
True
Suppose -9*y = 31644 + 36756. Let o = -4622 - y. Is o prime?
False
Let i(o) = 4*o**3 + 7*o**2 - 4*o - 2. Let t be i(6). Suppose 4*v + 436 = 2*d, -5*d + 5*v - t = -10*d. Is d a composite number?
True
Let g(q) be the third derivative of 89*q**5/20 - 5*q**4/8 - 11*q**3/6 - 10*q**2. Is g(-6) a prime number?
False
Suppose -28760 - 75440 = -2*m - 3*t, -2*t = -5*m + 260481. Is m a prime number?
False
Suppose 2*k - 34 = -3*i + 4*k, k + 5 = 0. Let g(j) = 2*j**2 - 2*j + 1. Let s be g(i). Let l = s - 34. Is l prime?
True
Suppose 3*d - 153596 = -2*u, 4*u + u + 3*d = 383981. Is u composite?
True
Suppose -34*r - 10 = -39*r. Suppose -2*l + 2*k = -2, l + 28 = 5*l + r*k. Suppose -l*q = -5*u + 4360, -4*u - 3*q = -6*q - 3493. Is u composite?
False
Is 46159390/388 - 2/4 a prime number?
True
Let u = -12 + 7. Let t = -2 + u. Let a(v) = 17*v**2 + 22*v - 2. Is a(t) composite?
False
Let q be (0 - -4) + -5 - (2 - -1). Is (-5819)/(-44) + 5/q prime?
True
Let w be 6/(-39) + (-182688)/(-78) + 0. Is 18/9*1*w/4 prime?
True
Is ((-2)/4)/(1/(-220046)) prime?
True
Let n = 104 + -101. Suppose -n*x + 2*c = -5*x, 3*c = -9. Suppose -4*m + 3894 = -0*s + 5*s, 2*s = -x*m + 2917. Is m composite?
False
Suppose 9*r - 4218590 = 2*r - 3*r. Is r a prime number?
False
Let m = -91944 - -306453. Is m a composite number?
True
Let m(j) = j**3 - 23*j**2 - 25*j + 15. Let h be m(24). Let c(b) = -132*b + 39. Is c(h) a composite number?
True
Let t = -17 + -10. Let l be -2*87/(-54) + 6/t. Suppose -3*j = g - 7*j - 665, -2*j = l*g - 2023. Is g composite?
False
Suppose 3*d + 2*m = 781, -4*d + 5*m - 269 = -5*d. Let g = d + -48. Is g a composite number?
False
Suppose -5*d + 3*d + 2*p = -1246950, 0 = 3*d - 6*p - 1870419. Is d a composite number?
False
Suppose 178 = 5*t + 2323. Let s = -213 - t. Suppose c - 64 = -q, -s = -3*q + 2*c + 3*c. Is q a composite number?
False
Suppose -3750994 = -5*g - i, 1217*i - 1222*i - 5 = 0. Is g a prime number?
False
Let c(p) = -p**2 + 3*p + 4. Let r be c(3). Suppose 0 = 31*b + 177 - 93 - 146. Suppose -1 - 5 = 3*j, -11334 = -b*o - r*j. Is o a prime number?
False
Let a = -3368624 - -5570061. Is a composite?
True
Let t(v) be the first derivative of -v**4 - 11*v**3/3 - 17*v**2/2 - 7*v + 78. Is t(-10) composite?
True
Let t(p) = -30*p**2 + 5*p + 10. Let z(u) = -61*u**2 + 11*u + 20. Let g(w) = -7*t(w) + 4*z(w). Let s(a) be the first derivative of g(a). Is s(-8) prime?
False
Let g = 37287 - 71574. Let i = g - -52288. Is i a prime number?
False
Suppose h - 2 - 3 = -s, -13 = -2*s + h. Suppose 0 = -2*m - s, 8189 = 2*b + 10*m - 7*m. Is b composite?
False
Let t(g) be the first derivative of 192*g**2 - 73*g - 3. 